+ 28*a - 64*a + 3. Calculate o(2).
-3
Let t(s) = -2*s**2 + 3*s - 1. Let n be t(2). Let c(p) = -1. Let u(q) = -2*q - 4. Let v(g) = n*c(g) + u(g). Give v(5).
-11
Let t(v) = v**2 + 12 + 2*v + 3*v - 10 + 0*v. Determine t(-6).
8
Suppose 2*h - 9 = 5*h + 3*b, 5*h + b - 1 = 0. Let x(n) = -6 + h + n + 0. Let c = 17 + -11. Calculate x(c).
1
Let n(j) = j**3 - 2*j. Let y(r) = 3*r - 5. Suppose -d + 4 = -1. Let x be y(d). Suppose w + 4*w + 4*k + 30 = 0, 2*k = -x. Determine n(w).
-4
Suppose -5*o = -4*y + 559, -3*o + 4*y + 440 = -7*o. Let i be (-6)/(-21) + o/21. Let j be (1 - 1) + -2 - i. Let v(a) = -a**2 + 4*a - 1. Give v(j).
2
Let v(z) = z**3 + z**2 + z + 6. Let m be v(0). Let b(u) = u - m + 4 - 1. Determine b(3).
0
Let a(x) be the second derivative of -x**6/120 + x**5/12 + x**4/3 - x**3/6 - x**2/2 + 4*x. Let t(h) be the first derivative of a(h). Determine t(6).
11
Let f(l) = 3*l + 5 - 7*l**2 + l**3 - 3 + 1 + l. What is f(6)?
-9
Let b(h) = h**2 + h - 1. Let x(o) = 4*o**2 + 10*o - 3. Let i(t) = 3*b(t) - x(t). Give i(-7).
0
Let g(i) = -i**3 - 16*i**2 + 16*i - 22. Let b be g(-17). Let u(o) = -o**3 - 6*o**2 - 8*o - 5. Calculate u(b).
10
Suppose 11*m - 12 = 13*m. Let j(d) = d + 2. What is j(m)?
-4
Let x be (-18)/(-8)*(-12)/(-9). Let m(y) = -y**2 + 5*y - 4. Give m(x).
2
Let k(y) = 3*y + 1. Let q(z) = -z**2 - 6*z + 3. Let x be q(-6). Suppose 5*u = u - 5*a - 13, x*u = -5*a - 16. Determine k(u).
10
Suppose 0 = 3*k + k - 16. Let n(u) = u**2 - 3*u. Determine n(k).
4
Let g(c) = c**2 + 5*c + 1. Let b be g(-2). Let s = b + 5. Suppose s*l + 7 = -n - 3*l, 2*l = -5*n + 17. Let t(i) = -i + 5. Determine t(n).
0
Let d(u) = -u**2 + 10*u - 9. Suppose 2*p - 28 = -2*p. Determine d(p).
12
Let w(x) be the first derivative of x**3/3 + 4*x + 7. What is w(-3)?
13
Let x(t) = -1 + 4*t - 4*t**2 - 6*t + 0*t**3 + t**3. Let i = 11 + -7. Give x(i).
-9
Let t(m) = -m**2 - 3*m - 6. Let y(a) = 3*a**2 + 9*a + 18. Let s(w) = 8*t(w) + 3*y(w). Let p be (2 - -1)*16/(-12). Give s(p).
10
Let m(q) = q. Let k be m(2). Let h = -1 + k. Let d(p) = 9*p**2 - 4*p - 3. Let z(g) = 5*g**2 - 2*g - 1. Let o(c) = -2*d(c) + 5*z(c). Determine o(h).
6
Let i(p) be the second derivative of -1/3*p**4 - 7/6*p**3 + 1/20*p**5 + 2*p**2 - 2*p + 0. Determine i(5).
-6
Suppose -10*i = -5*i - 20. Let x(o) = o + 3 - 2*o**3 + o**3 - 5*o + 3*o + i*o**2. Calculate x(4).
-1
Let y(s) = s - 4. Let b be y(3). Let a(q) = -q**3 - q**2 + 2*q. Let u be a(-2). Let h(l) = 10*l**2 + l + u*l - 3*l**2. Determine h(b).
6
Let p(c) be the second derivative of -c**5/20 + c**4/24 - c**2 + 3*c. Let v(g) be the first derivative of p(g). Give v(1).
-2
Let x(u) = 11*u**3 - 7*u**2 - 7*u - 9. Let p(a) = 5*a**3 - 3*a**2 - 3*a - 4. Let r = 16 + -22. Let q(b) = r*x(b) + 13*p(b). Determine q(-2).
16
Let h = -48 - -45. Let k(o) = o**2 - 2*o - 4. Determine k(h).
11
Let i(j) = j**2 + 4*j. Let h = -65 - -58. What is i(h)?
21
Let h(u) be the second derivative of -u**3/3 - 2*u**2 + u. Let x be 4/24 - (-31)/(-6). What is h(x)?
6
Let u(t) = t**2 + 5*t + 4. Let o be u(-4). Suppose o = -15*v + 17*v + 4. Let r(w) = 5*w + 4. Let s(i) = -14*i - 11. Let b(k) = 11*r(k) + 4*s(k). Give b(v).
2
Let l be 18*(4 - 9)/(-15). Let o(a) = 2*a - 4. Give o(l).
8
Let t(h) = 3*h**2 + 0*h**2 - 3 + 4 + h. Let o(d) = -2*d**3 + 2*d**2 + 3*d - 3. Let a be o(2). Let r = 4 + a. Calculate t(r).
3
Let g = 60 + -54. Let z(t) = t**2 - 8*t + 6. What is z(g)?
-6
Let w(l) = -l + 1. Let a(s) = -s**2 - s + 2. Let f(y) = -a(y) + w(y). Let n(z) = 1. Let i(m) = -2*f(m) - 2*n(m). Give i(-1).
-2
Let z(w) = -w**3 - 6*w**2 - 4*w + 2. Let k = 15 - 20. What is z(k)?
-3
Let j(g) be the first derivative of 11*g**2 - 11. Give j(-1).
-22
Let u = 11 + -14. Let k(m) = -2*m. Calculate k(u).
6
Let f(s) = s + 5. Suppose 9 = 8*h + 9. What is f(h)?
5
Let d(b) = -7*b**2 - 4*b - 4. Let l(v) = -v**2 - v - 1. Let y(m) = -d(m) + 6*l(m). Let o be 2 - -1*0/1. Give y(o).
-2
Let j(t) = t**2 - 135*t**3 + 77*t**3 + 3 + 68*t**3 - 4. Suppose 7*s - 4*s + 3 = 0. Give j(s).
-10
Suppose 6*c = 4*c + 2. Suppose 2*v + z = -5, 0 = -5*v - 3*z + z - 10. Let p(x) = -2*x - 3*x + v*x. Calculate p(c).
-5
Let u(a) be the third derivative of -a**5/60 + a**4/6 - a**3 + 20*a**2. Give u(4).
-6
Let r be (-3 + 1 - 3)*-1. Let k(i) = -r*i**2 - 3 + i + 3*i**2 + i**2. Give k(0).
-3
Let q(p) = 3 - 1 - 2*p + 3. Let n(f) = -2*f + 4. Let l(t) = 5*n(t) - 4*q(t). Let v = 4 + -9. What is l(v)?
10
Let g(o) = -2*o. Let a(s) = -s. Let p(f) = -3*a(f) + g(f). Calculate p(2).
2
Let l(o) = 4 - o - 6 + 5. Let w(x) = x + 2. Let f be w(-5). Let j be (-13)/f - 8/(-12). Calculate l(j).
-2
Let c be 4 - (-3 - (-32)/4). Let a(l) be the second derivative of -9*l**5/20 - l**4/12 + l**2/2 - l. What is a(c)?
9
Let c(t) = t**3 - 11*t + 12. Let m be c(3). Let o(h) = h**3 - 7*h**2 + 6*h. Determine o(m).
0
Let w be (-1)/2*(1 + -1). Suppose -3*f = u - w*f - 11, 0 = -5*u - 2*f + 16. Let h(z) = -2*z**3 - 3*z**2 - 4 + z**3 + 2*z**u. Give h(0).
-4
Suppose -3*s + 0*s = -5*j - 5, j + 3*s = -19. Let b(i) = -i + 2. Give b(j).
6
Suppose 2*v - 4*n = -5*n + 9, 0 = 5*v - 5*n. Suppose -i = -4*i + v. Let s(k) = 7*k**3 - k**2 + 2*k - 1. Calculate s(i).
7
Let r(d) = 5*d - 15. Let w be r(9). Let z = -30 + w. Let l(o) = -o**3 - 5*o + 6 + 0*o + 4*o + o**2. What is l(z)?
6
Let b(w) = 2*w**2 - 1. Let q = -12 - -7. Let n = q + 3. What is b(n)?
7
Let x(r) be the third derivative of -4*r**2 - 1/24*r**4 - 1/3*r**3 + 0 + 0*r. What is x(-4)?
2
Let n(r) = -r**3 + 3*r**2 + r + 3. Suppose 5*t - 37 = 5*x - 2*x, -2 = 3*x + 2*t. Let w be ((-3)/2)/(x/8). What is n(w)?
6
Let k(m) be the third derivative of -m**4/12 + m**3 - 4*m**2. Calculate k(6).
-6
Let o(h) = 1. Let g(c) = c**2 - 3*c + 10. Let s(m) = 2*g(m) - 18*o(m). Give s(4).
10
Let h(m) = m**3 + 4*m**2 + 4*m + 2. Let o(g) = -g**2 + 2. Suppose 4 = -4*s + 2*s. Let l be o(s). Determine h(l).
2
Let i(o) = -6*o + 4*o + 1 + 0*o - o. Calculate i(4).
-11
Let b(z) = 4*z**3. Let l(h) = -9*h**3 + 1. Let d(a) = 5*b(a) + 2*l(a). What is d(-2)?
-14
Let p(d) = 3*d**3 + 1 + 7*d - 5*d - 2*d**2 + 4*d**2. Let k be p(-1). Let a(y) be the third derivative of -y**6/120 - y**4/24 - y**2. Calculate a(k).
10
Let r(i) be the first derivative of 5*i**3/3 + 3*i**2/2 + 2*i - 10. Suppose 3*s + 8 = -s. Determine r(s).
16
Let i(p) = -p**2 + 4*p + 5. Let s be i(4). Suppose 6*d = s + 1. Let t(g) = -7*g**3 + 2*g**2 - 2*g + 1. Calculate t(d).
-6
Let y(r) be the first derivative of -r**2/2 - r - 3. Let o(j) = -5*j - 4. Let w(f) = -o(f) + 2*y(f). Give w(-2).
-4
Let s(m) = -m**2 - m + 7. Let k = -18 + 36. Let u = k + -18. Give s(u).
7
Let c(s) = -s + 6. Let h(w) = w**3 - 7*w**2 - 8*w + 5. Let m = -7 - -15. Let a be h(m). Calculate c(a).
1
Suppose -5*f + 8 = -f. Let t(o) = 3 + 2*o**3 + 2*o + o**3 + 2*o**2 - 4*o - 4*o**3. Determine t(f).
-1
Let o be 3 - (-2)/4*-6. Let p(a) = -4*a**3 - 3*a**2 + 8. Let x(d) = -5*d**3 - 4*d**2 + 9. Let y = 1 + 2. Let l(n) = y*x(n) - 4*p(n). Determine l(o).
-5
Let k(d) = -6*d + 7 + 3*d - 7*d**2 - d**3 - d. Suppose -t = 5 + 1. What is k(t)?
-5
Let b(w) = 20*w + 16*w - 1 - 35*w + 2. Calculate b(-1).
0
Let w(i) = -i**2 + 6*i + 2. Let l be w(5). Let p(z) = -6 - 6 - 5 + z + l. What is p(5)?
-5
Let v = -3 - -1. Let f(w) = 3*w + 2. Let k(o) = -o - 1. Let z(y) = -f(y) - 4*k(y). Calculate z(v).
0
Let l(x) = -x + x + 1 - x. Suppose -4*r + 14 = 3*m, 2*m + 2 = m. Calculate l(r).
-4
Let w = 53 + -53. Let f(n) = -n**3 + n**2 + n + 19. Calculate f(w).
19
Let s(l) be the third derivative of l**8/3360 - l**7/2520 - l**6/720 + l**5/120 - l**4/6 + 7*l**2. Let c(d) be the second derivative of s(d). What is c(2)?
11
Let k(g) = g**2 + g + 1. Let l(j) = 10*j**2 + 14*j + 11. Let r(u) = -6*k(u) + l(u). Let i(p) = p**2 + p. Let z(q) = -5*i(q) + r(q). Calculate z(4).
1
Let a(r) = -12 + 7*r + 0*r + r**2 - 7*r. Suppose 0 = -0*u - u. Give a(u).
-12
Let v(s) = -6*s + 6. Let d be v(7). Let a be (24/d)/(1/3). Let p(u) = -u**3 - 3*u**2 + 2*u + 3. What is p(a)?
-5
Let i(f) = f**3 + 4*f**2 + 6*f + 7. Let z be i(-3). Let p(q) = -3*q + 1. Determine p(z).
7
Let v(b) = 6*b - 5. Let i(m) = m - 1. Let s(r) = 5*i(r) - v(r). Let o be s(4). Let g(y) = y**2 - 3*y + 5*y + 1 + 3*y. What is g(o)?
-3
Let l(u) be the third derivative of u**6/360 - u**5/120 + 13*u**4/24 - u**3/3 + 6*u**2. Let k(r) be the first derivative of l(r).